{"id":6836,"date":"2024-02-05T13:52:43","date_gmt":"2024-02-05T12:52:43","guid":{"rendered":"https:\/\/www.zull.at\/einkaufswagen\/"},"modified":"2024-02-29T16:49:00","modified_gmt":"2024-02-29T15:49:00","slug":"einkaufswagen","status":"publish","type":"page","link":"https:\/\/www.zull.at\/cs\/einkaufswagen\/","title":{"rendered":"N\u00e1kupn\u00ed ko\u0161\u00edk"},"content":{"rendered":"\n\n<div style=\"height:60px\" aria-hidden=\"true\" class=\"wp-block-spacer\"><\/div>\n\n<p>Pokud va\u0161e zem\u011b nen\u00ed uvedena v rozbalovac\u00ed nab\u00eddce nebo nen\u00ed uvedena \u017e\u00e1dn\u00e1 mo\u017enost dopravy, kontaktujte n\u00e1s. Pro dal\u0161\u00ed mo\u017enosti n\u00e1s kontaktujte na adrese <a href=\"office@zull.at\">office@zull.at.<\/a><\/p>\n","protected":false},"excerpt":{"rendered":"<p>Pokud va\u0161e zem\u011b nen\u00ed uvedena v rozbalovac\u00ed nab\u00eddce nebo nen\u00ed uvedena \u017e\u00e1dn\u00e1 mo\u017enost dopravy, kontaktujte n\u00e1s. Pro dal\u0161\u00ed mo\u017enosti n\u00e1s kontaktujte na adrese office@zull.at.<\/p>\n","protected":false},"author":1,"featured_media":0,"parent":0,"menu_order":0,"comment_status":"closed","ping_status":"closed","template":"","meta":{"footnotes":""},"folder":[],"class_list":["post-6836","page","type-page","status-publish","hentry"],"yoast_head":"<!-- This site is optimized with the Yoast SEO plugin v27.3 - https:\/\/yoast.com\/product\/yoast-seo-wordpress\/ -->\n<title>N\u00e1kupn\u00ed ko\u0161\u00edk - Weingut Zull<\/title>\n<meta name=\"robots\" content=\"index, follow, max-snippet:-1, max-image-preview:large, max-video-preview:-1\" \/>\n<link rel=\"canonical\" href=\"https:\/\/www.zull.at\/cs\/einkaufswagen\/\" \/>\n<meta property=\"og:locale\" content=\"cs_CZ\" \/>\n<meta property=\"og:type\" content=\"article\" \/>\n<meta property=\"og:title\" content=\"N\u00e1kupn\u00ed ko\u0161\u00edk - Weingut Zull\" \/>\n<meta property=\"og:description\" content=\"Pokud va\u0161e zem\u011b nen\u00ed uvedena v rozbalovac\u00ed nab\u00eddce nebo nen\u00ed uvedena \u017e\u00e1dn\u00e1 mo\u017enost dopravy, kontaktujte n\u00e1s. Pro dal\u0161\u00ed mo\u017enosti n\u00e1s kontaktujte na adrese office@zull.at.\" \/>\n<meta property=\"og:url\" content=\"https:\/\/www.zull.at\/cs\/einkaufswagen\/\" \/>\n<meta property=\"og:site_name\" content=\"Weingut Zull\" \/>\n<meta property=\"article:modified_time\" content=\"2024-02-29T15:49:00+00:00\" \/>\n<meta name=\"twitter:card\" content=\"summary_large_image\" \/>\n<script type=\"application\/ld+json\" class=\"yoast-schema-graph\">{\"@context\":\"https:\\\/\\\/schema.org\",\"@graph\":[{\"@type\":\"WebPage\",\"@id\":\"https:\\\/\\\/www.zull.at\\\/cs\\\/einkaufswagen\\\/\",\"url\":\"https:\\\/\\\/www.zull.at\\\/cs\\\/einkaufswagen\\\/\",\"name\":\"N\u00e1kupn\u00ed ko\u0161\u00edk - Weingut Zull\",\"isPartOf\":{\"@id\":\"https:\\\/\\\/www.zull.at\\\/cs\\\/#website\"},\"datePublished\":\"2024-02-05T12:52:43+00:00\",\"dateModified\":\"2024-02-29T15:49:00+00:00\",\"breadcrumb\":{\"@id\":\"https:\\\/\\\/www.zull.at\\\/cs\\\/einkaufswagen\\\/#breadcrumb\"},\"inLanguage\":\"cs-CZ\",\"potentialAction\":[{\"@type\":\"ReadAction\",\"target\":[\"https:\\\/\\\/www.zull.at\\\/cs\\\/einkaufswagen\\\/\"]}]},{\"@type\":\"BreadcrumbList\",\"@id\":\"https:\\\/\\\/www.zull.at\\\/cs\\\/einkaufswagen\\\/#breadcrumb\",\"itemListElement\":[{\"@type\":\"ListItem\",\"position\":1,\"name\":\"Home\",\"item\":\"https:\\\/\\\/www.zull.at\\\/cs\\\/aktualizace\\\/\"},{\"@type\":\"ListItem\",\"position\":2,\"name\":\"N\u00e1kupn\u00ed ko\u0161\u00edk\"}]},{\"@type\":\"WebSite\",\"@id\":\"https:\\\/\\\/www.zull.at\\\/cs\\\/#website\",\"url\":\"https:\\\/\\\/www.zull.at\\\/cs\\\/\",\"name\":\"Weingut Zull\",\"description\":\"Weingut Zull\",\"publisher\":{\"@id\":\"https:\\\/\\\/www.zull.at\\\/cs\\\/#organization\"},\"potentialAction\":[{\"@type\":\"SearchAction\",\"target\":{\"@type\":\"EntryPoint\",\"urlTemplate\":\"https:\\\/\\\/www.zull.at\\\/cs\\\/?s={search_term_string}\"},\"query-input\":{\"@type\":\"PropertyValueSpecification\",\"valueRequired\":true,\"valueName\":\"search_term_string\"}}],\"inLanguage\":\"cs-CZ\"},{\"@type\":\"Organization\",\"@id\":\"https:\\\/\\\/www.zull.at\\\/cs\\\/#organization\",\"name\":\"Weingut Zull GmbH\",\"url\":\"https:\\\/\\\/www.zull.at\\\/cs\\\/\",\"logo\":{\"@type\":\"ImageObject\",\"inLanguage\":\"cs-CZ\",\"@id\":\"https:\\\/\\\/www.zull.at\\\/cs\\\/#\\\/schema\\\/logo\\\/image\\\/\",\"url\":\"https:\\\/\\\/www.zull.at\\\/wp-content\\\/uploads\\\/2023\\\/08\\\/Zull_logo_mail_2.jpg\",\"contentUrl\":\"https:\\\/\\\/www.zull.at\\\/wp-content\\\/uploads\\\/2023\\\/08\\\/Zull_logo_mail_2.jpg\",\"width\":364,\"height\":151,\"caption\":\"Weingut Zull GmbH\"},\"image\":{\"@id\":\"https:\\\/\\\/www.zull.at\\\/cs\\\/#\\\/schema\\\/logo\\\/image\\\/\"}}]}<\/script>\n<!-- \/ Yoast SEO plugin. -->","yoast_head_json":{"title":"N\u00e1kupn\u00ed ko\u0161\u00edk - Weingut Zull","robots":{"index":"index","follow":"follow","max-snippet":"max-snippet:-1","max-image-preview":"max-image-preview:large","max-video-preview":"max-video-preview:-1"},"canonical":"https:\/\/www.zull.at\/cs\/einkaufswagen\/","og_locale":"cs_CZ","og_type":"article","og_title":"N\u00e1kupn\u00ed ko\u0161\u00edk - Weingut Zull","og_description":"Pokud va\u0161e zem\u011b nen\u00ed uvedena v rozbalovac\u00ed nab\u00eddce nebo nen\u00ed uvedena \u017e\u00e1dn\u00e1 mo\u017enost dopravy, kontaktujte n\u00e1s. Pro dal\u0161\u00ed mo\u017enosti n\u00e1s kontaktujte na adrese office@zull.at.","og_url":"https:\/\/www.zull.at\/cs\/einkaufswagen\/","og_site_name":"Weingut Zull","article_modified_time":"2024-02-29T15:49:00+00:00","twitter_card":"summary_large_image","schema":{"@context":"https:\/\/schema.org","@graph":[{"@type":"WebPage","@id":"https:\/\/www.zull.at\/cs\/einkaufswagen\/","url":"https:\/\/www.zull.at\/cs\/einkaufswagen\/","name":"N\u00e1kupn\u00ed ko\u0161\u00edk - Weingut Zull","isPartOf":{"@id":"https:\/\/www.zull.at\/cs\/#website"},"datePublished":"2024-02-05T12:52:43+00:00","dateModified":"2024-02-29T15:49:00+00:00","breadcrumb":{"@id":"https:\/\/www.zull.at\/cs\/einkaufswagen\/#breadcrumb"},"inLanguage":"cs-CZ","potentialAction":[{"@type":"ReadAction","target":["https:\/\/www.zull.at\/cs\/einkaufswagen\/"]}]},{"@type":"BreadcrumbList","@id":"https:\/\/www.zull.at\/cs\/einkaufswagen\/#breadcrumb","itemListElement":[{"@type":"ListItem","position":1,"name":"Home","item":"https:\/\/www.zull.at\/cs\/aktualizace\/"},{"@type":"ListItem","position":2,"name":"N\u00e1kupn\u00ed ko\u0161\u00edk"}]},{"@type":"WebSite","@id":"https:\/\/www.zull.at\/cs\/#website","url":"https:\/\/www.zull.at\/cs\/","name":"Weingut Zull","description":"Weingut Zull","publisher":{"@id":"https:\/\/www.zull.at\/cs\/#organization"},"potentialAction":[{"@type":"SearchAction","target":{"@type":"EntryPoint","urlTemplate":"https:\/\/www.zull.at\/cs\/?s={search_term_string}"},"query-input":{"@type":"PropertyValueSpecification","valueRequired":true,"valueName":"search_term_string"}}],"inLanguage":"cs-CZ"},{"@type":"Organization","@id":"https:\/\/www.zull.at\/cs\/#organization","name":"Weingut Zull GmbH","url":"https:\/\/www.zull.at\/cs\/","logo":{"@type":"ImageObject","inLanguage":"cs-CZ","@id":"https:\/\/www.zull.at\/cs\/#\/schema\/logo\/image\/","url":"https:\/\/www.zull.at\/wp-content\/uploads\/2023\/08\/Zull_logo_mail_2.jpg","contentUrl":"https:\/\/www.zull.at\/wp-content\/uploads\/2023\/08\/Zull_logo_mail_2.jpg","width":364,"height":151,"caption":"Weingut Zull GmbH"},"image":{"@id":"https:\/\/www.zull.at\/cs\/#\/schema\/logo\/image\/"}}]}},"_links":{"self":[{"href":"https:\/\/www.zull.at\/cs\/wp-json\/wp\/v2\/pages\/6836","targetHints":{"allow":["GET"]}}],"collection":[{"href":"https:\/\/www.zull.at\/cs\/wp-json\/wp\/v2\/pages"}],"about":[{"href":"https:\/\/www.zull.at\/cs\/wp-json\/wp\/v2\/types\/page"}],"author":[{"embeddable":true,"href":"https:\/\/www.zull.at\/cs\/wp-json\/wp\/v2\/users\/1"}],"replies":[{"embeddable":true,"href":"https:\/\/www.zull.at\/cs\/wp-json\/wp\/v2\/comments?post=6836"}],"version-history":[{"count":0,"href":"https:\/\/www.zull.at\/cs\/wp-json\/wp\/v2\/pages\/6836\/revisions"}],"wp:attachment":[{"href":"https:\/\/www.zull.at\/cs\/wp-json\/wp\/v2\/media?parent=6836"}],"wp:term":[{"taxonomy":"folder","embeddable":true,"href":"https:\/\/www.zull.at\/cs\/wp-json\/wp\/v2\/folder?post=6836"}],"curies":[{"name":"wp","href":"https:\/\/api.w.org\/{rel}","templated":true}]}}

Nákupní košík

<div style="height:60px" aria-hidden="true" class="wp-block-spacer"></div>

<p>Pokud vaše země není uvedena v rozbalovací nabídce nebo není uvedena žádná možnost dopravy, kontaktujte nás. Pro další možnosti nás kontaktujte na adrese <a href="office@zull.at">office@zull.at.</a></p>

<p>Pokud vaše země není uvedena v rozbalovací nabídce nebo není uvedena žádná možnost dopravy, kontaktujte nás. Pro další možnosti nás kontaktujte na adrese office@zull.at.</p>

<!-- This site is optimized with the Yoast SEO plugin v27.3 - https://yoast.com/product/yoast-seo-wordpress/ -->
<title>Nákupní košík - Weingut Zull</title>
<meta name="robots" content="index, follow, max-snippet:-1, max-image-preview:large, max-video-preview:-1" />
<link rel="canonical" href="https://www.zull.at/cs/einkaufswagen/" />
<meta property="og:locale" content="cs_CZ" />
<meta property="og:type" content="article" />
<meta property="og:title" content="Nákupní košík - Weingut Zull" />
<meta property="og:description" content="Pokud vaše země není uvedena v rozbalovací nabídce nebo není uvedena žádná možnost dopravy, kontaktujte nás. Pro další možnosti nás kontaktujte na adrese office@zull.at." />
<meta property="og:url" content="https://www.zull.at/cs/einkaufswagen/" />
<meta property="og:site_name" content="Weingut Zull" />
<meta property="article:modified_time" content="2024-02-29T15:49:00+00:00" />
<meta name="twitter:card" content="summary_large_image" />
<script type="application/ld+json" class="yoast-schema-graph">{"@context":"https:\/\/schema.org","@graph":[{"@type":"WebPage","@id":"https:\/\/www.zull.at\/cs\/einkaufswagen\/","url":"https:\/\/www.zull.at\/cs\/einkaufswagen\/","name":"Nákupní košík - Weingut Zull","isPartOf":{"@id":"https:\/\/www.zull.at\/cs\/#website"},"datePublished":"2024-02-05T12:52:43+00:00","dateModified":"2024-02-29T15:49:00+00:00","breadcrumb":{"@id":"https:\/\/www.zull.at\/cs\/einkaufswagen\/#breadcrumb"},"inLanguage":"cs-CZ","potentialAction":[{"@type":"ReadAction","target":["https:\/\/www.zull.at\/cs\/einkaufswagen\/"]}]},{"@type":"BreadcrumbList","@id":"https:\/\/www.zull.at\/cs\/einkaufswagen\/#breadcrumb","itemListElement":[{"@type":"ListItem","position":1,"name":"Home","item":"https:\/\/www.zull.at\/cs\/aktualizace\/"},{"@type":"ListItem","position":2,"name":"Nákupní košík"}]},{"@type":"WebSite","@id":"https:\/\/www.zull.at\/cs\/#website","url":"https:\/\/www.zull.at\/cs\/","name":"Weingut Zull","description":"Weingut Zull","publisher":{"@id":"https:\/\/www.zull.at\/cs\/#organization"},"potentialAction":[{"@type":"SearchAction","target":{"@type":"EntryPoint","urlTemplate":"https:\/\/www.zull.at\/cs\/?s={search_term_string}"},"query-input":{"@type":"PropertyValueSpecification","valueRequired":true,"valueName":"search_term_string"}}],"inLanguage":"cs-CZ"},{"@type":"Organization","@id":"https:\/\/www.zull.at\/cs\/#organization","name":"Weingut Zull GmbH","url":"https:\/\/www.zull.at\/cs\/","logo":{"@type":"ImageObject","inLanguage":"cs-CZ","@id":"https:\/\/www.zull.at\/cs\/#\/schema\/logo\/image\/","url":"https:\/\/www.zull.at\/wp-content\/uploads\/2023\/08\/Zull_logo_mail_2.jpg","contentUrl":"https:\/\/www.zull.at\/wp-content\/uploads\/2023\/08\/Zull_logo_mail_2.jpg","width":364,"height":151,"caption":"Weingut Zull GmbH"},"image":{"@id":"https:\/\/www.zull.at\/cs\/#\/schema\/logo\/image\/"}}]}</script>
<!-- / Yoast SEO plugin. -->

Nákupní košík - Weingut Zull

Pokud vaše země není uvedena v rozbalovací nabídce nebo není uvedena žádná možnost dopravy, kontaktujte nás. Pro další možnosti nás kontaktujte na adrese office@zull.at.
